{"id":14325,"date":"2022-10-14T10:19:43","date_gmt":"2022-10-14T07:19:43","guid":{"rendered":"https:\/\/demo.oceanthemes.site\/sandbox\/?page_id=14325"},"modified":"2023-04-10T10:14:53","modified_gmt":"2023-04-10T07:14:53","slug":"makaleler","status":"publish","type":"page","link":"https:\/\/asyadegerleme.com\/index.php\/makaleler\/","title":{"rendered":"Makaleler"},"content":{"rendered":"\t\t<div data-elementor-type=\"wp-page\" data-elementor-id=\"14325\" class=\"elementor elementor-14325\">\n\t\t\t\t\t\t\t\t\t<section class=\"elementor-section elementor-top-section elementor-element elementor-element-54e267e elementor-section-boxed elementor-section-height-default elementor-section-height-default\" data-id=\"54e267e\" data-element_type=\"section\" data-settings=\"{&quot;background_background&quot;:&quot;classic&quot;}\">\n\t\t\t\t\t\t<div class=\"elementor-container elementor-column-gap-default\">\n\t\t\t\t\t<div class=\"elementor-column elementor-col-100 elementor-top-column elementor-element elementor-element-3cc2282\" data-id=\"3cc2282\" data-element_type=\"column\">\n\t\t\t<div class=\"elementor-widget-wrap elementor-element-populated\">\n\t\t\t\t\t\t\t\t<div class=\"elementor-element elementor-element-986bb63 display-1 elementor-widget elementor-widget-heading\" data-id=\"986bb63\" data-element_type=\"widget\" data-widget_type=\"heading.default\">\n\t\t\t\t<div class=\"elementor-widget-container\">\n\t\t\t<style>\/*! elementor - v3.11.5 - 14-03-2023 *\/\n.elementor-heading-title{padding:0;margin:0;line-height:1}.elementor-widget-heading .elementor-heading-title[class*=elementor-size-]>a{color:inherit;font-size:inherit;line-height:inherit}.elementor-widget-heading .elementor-heading-title.elementor-size-small{font-size:15px}.elementor-widget-heading .elementor-heading-title.elementor-size-medium{font-size:19px}.elementor-widget-heading .elementor-heading-title.elementor-size-large{font-size:29px}.elementor-widget-heading .elementor-heading-title.elementor-size-xl{font-size:39px}.elementor-widget-heading .elementor-heading-title.elementor-size-xxl{font-size:59px}<\/style><h1 class=\"elementor-heading-title elementor-size-default\">SEKT\u00d6RDEN B\u0130LG\u0130LER<\/h1>\t\t<\/div>\n\t\t\t\t<\/div>\n\t\t\t\t<div class=\"elementor-element elementor-element-285692d elementor-widget elementor-widget-text-editor\" data-id=\"285692d\" data-element_type=\"widget\" data-widget_type=\"text-editor.default\">\n\t\t\t\t<div class=\"elementor-widget-container\">\n\t\t\t<style>\/*! elementor - v3.11.5 - 14-03-2023 *\/\n.elementor-widget-text-editor.elementor-drop-cap-view-stacked .elementor-drop-cap{background-color:#818a91;color:#fff}.elementor-widget-text-editor.elementor-drop-cap-view-framed .elementor-drop-cap{color:#818a91;border:3px solid;background-color:transparent}.elementor-widget-text-editor:not(.elementor-drop-cap-view-default) .elementor-drop-cap{margin-top:8px}.elementor-widget-text-editor:not(.elementor-drop-cap-view-default) .elementor-drop-cap-letter{width:1em;height:1em}.elementor-widget-text-editor .elementor-drop-cap{float:left;text-align:center;line-height:1;font-size:50px}.elementor-widget-text-editor .elementor-drop-cap-letter{display:inline-block}<\/style>\t\t\t\t<p>Sekt\u00f6r ile ilgili bilgilendirme makalelerine buradan ula\u015fabilirsin.<\/p>\t\t\t\t\t\t<\/div>\n\t\t\t\t<\/div>\n\t\t\t\t\t<\/div>\n\t\t<\/div>\n\t\t\t\t\t\t\t<\/div>\n\t\t<\/section>\n\t\t\t\t<section class=\"elementor-section elementor-top-section elementor-element elementor-element-0495191 elementor-section-boxed elementor-section-height-default elementor-section-height-default\" data-id=\"0495191\" data-element_type=\"section\">\n\t\t\t\t\t\t<div class=\"elementor-container elementor-column-gap-default\">\n\t\t\t\t\t<div class=\"elementor-column elementor-col-100 elementor-top-column elementor-element elementor-element-88e4d46\" data-id=\"88e4d46\" data-element_type=\"column\">\n\t\t\t<div class=\"elementor-widget-wrap elementor-element-populated\">\n\t\t\t\t\t\t\t\t<div class=\"elementor-element elementor-element-58aa6c7 elementor-widget elementor-widget-ot-post-grid\" data-id=\"58aa6c7\" data-element_type=\"widget\" data-widget_type=\"ot-post-grid.default\">\n\t\t\t\t<div class=\"elementor-widget-container\">\n\t\t\t\t\t\t<div class=\"blog-grid hidden-date hidden-author hidden-comment  pf_1_cols\">\r\n\t        \t\r\n\r\n<article id=\"post-1522\" class=\"post-box post-1522 post type-post status-publish format-standard hentry category-degerleme tag-fun tag-landscape\">\r\n\t<div class=\"post-inner\">\r\n\t\t\t\t<div class=\"inner-post\">\r\n\t        <div class=\"post-header\">\r\n\r\n            \t<div class=\"post-cates text-line\"><a class=\"hover\"href=\"https:\/\/asyadegerleme.com\/index.php\/category\/degerleme\/\" rel=\"category tag\">DE\u011eERLEME<\/a><\/div>\r\n\t            <h2 class=\"entry-title\"><a class=\"title-link\" href=\"https:\/\/asyadegerleme.com\/index.php\/2022\/08\/17\/amet-dolor-bibendum-parturient-cursus\/\" rel=\"bookmark\">Gayrimenkul De\u011ferleme<\/a><\/h2>\r\n\t        <\/div><!-- .entry-header -->\r\n\r\n\t        <div class=\"entry-summary the-excerpt\">\r\n\r\n\t            <p>Gayrimenkul de\u011ferleme, bir m\u00fclk\u00fcn piyasa de\u011ferini belirlemek i\u00e7in kullan\u0131lan bir i\u015flemdir. Gayrimenkul de\u011ferlemesi, bir\u00e7ok nedenle gereklidir. Bunlar aras\u0131nda, sat\u0131n alma veya sat\u0131\u015f i\u015flemleri, ipotek veya rehin i\u015flemleri, m\u00fclk\u00fcn sigortalanmas\u0131 veya miras\u00e7\u0131l\u0131k i\u015flemleri gibi i\u015flemler yer al\u0131r. Gayrimenkul de\u011ferleme, m\u00fclk\u00fcn ger\u00e7ek piyasa de\u011ferini belirleyerek, taraflar\u0131n kar\u015f\u0131 taraf\u0131n fiyat tekliflerine cevap vermesine ve do\u011fru kararlar vermesine yard\u0131mc\u0131 [&hellip;]<\/p>\n\r\n\t        <\/div><!-- .entry-content -->\r\n\t    <\/div>\r\n\t            <div class=\"entry-meta\">\r\n        \t<ul class='post-meta dflex'><li class=\"post-date\"><a href=\"https:\/\/asyadegerleme.com\/index.php\/2022\/08\/17\/amet-dolor-bibendum-parturient-cursus\/\" rel=\"bookmark\"><i class=\"uil uil-calendar-alt\"><\/i><time class=\"entry-date published\" datetime=\"2022-08-17T07:10:48+03:00\">17 A\u011fustos 2022<\/time><\/a><\/li><li class=\"post-author\"><a class=\"url fn n\" href=\"https:\/\/asyadegerleme.com\/index.php\/author\/admin\/\"><i class=\"uil uil-user\"><\/i>admin<\/a><\/li><li class=\"post-comments\"><i class=\"uil uil-comment\"><\/i>3 Comments<\/a><\/li><\/a><\/ul>        <\/div><!-- .entry-meta -->\r\n            <\/div>\r\n<\/article><!-- #post-1522 -->\r\n\r\n\r\n<article id=\"post-1515\" class=\"post-box post-1515 post type-post status-publish format-gallery hentry category-danismanlik tag-landscape tag-nature post_format-post-format-gallery\">\r\n\t<div class=\"post-inner\">\r\n\t\t\r\n\t\t\t<div class=\"entry-media\">\r\n\t\t\t\t<div class=\"gallery-post ot-carousel owl-carousel owl-theme\">\r\n\t\t\t\t\t\t            \t\t                          \r\n\t\t                \t\t\r\n\t\t\t\t\t\t\t<div class=\"item-image\">\r\n\t\t\t\t\t\t\t\t<img loading=\"lazy\" decoding=\"async\" src=\"https:\/\/asyadegerleme.com\/wp-content\/uploads\/2022\/08\/blog2.jpg\" alt=\"\" width=\"960\" height=\"600\">\r\n\t\t\t\t\t\t\t<\/div>                \r\n\t\t                \t\t\r\n\t\t\t\t\t\t\t<div class=\"item-image\">\r\n\t\t\t\t\t\t\t\t<img loading=\"lazy\" decoding=\"async\" src=\"https:\/\/asyadegerleme.com\/wp-content\/uploads\/2022\/08\/blog3.jpg\" alt=\"\" width=\"960\" height=\"600\">\r\n\t\t\t\t\t\t\t<\/div>                \r\n\t\t                                \r\n\t\t            \t\t        \t\t        <\/div>\r\n\t\t\t<\/div>\t\t\t\r\n\r\n\t    \t\t<div class=\"inner-post\">\r\n\t        <div class=\"post-header\">\r\n\r\n            \t<div class=\"post-cates text-line\"><a class=\"hover\"href=\"https:\/\/asyadegerleme.com\/index.php\/category\/danismanlik\/\" rel=\"category tag\">DANI\u015eMANLIK<\/a><\/div>\r\n\t            <h2 class=\"entry-title\"><a class=\"title-link\" href=\"https:\/\/asyadegerleme.com\/index.php\/2022\/08\/15\/fringilla-ligula-pharetra-amet-fusce\/\" rel=\"bookmark\">Yat\u0131r\u0131m Dan\u0131\u015fmanl\u0131\u011f\u0131<\/a><\/h2>\r\n\t        <\/div><!-- .entry-header -->\r\n\r\n\t        <div class=\"entry-summary the-excerpt\">\r\n\r\n\t            <p>Yat\u0131r\u0131m dan\u0131\u015fmanl\u0131\u011f\u0131, bireylerin veya \u015firketlerin yat\u0131r\u0131m kararlar\u0131na yard\u0131mc\u0131 olan bir hizmettir. Yat\u0131r\u0131m dan\u0131\u015fmanl\u0131\u011f\u0131, finansal piyasalar ve yat\u0131r\u0131m ara\u00e7lar\u0131 hakk\u0131nda geni\u015f bir bilgi birikimi gerektirir. Bu nedenle, yat\u0131r\u0131m dan\u0131\u015fmanlar\u0131 genellikle finansal sekt\u00f6rde deneyimli uzmanlardan olu\u015fur. Yat\u0131r\u0131m dan\u0131\u015fmanl\u0131\u011f\u0131, m\u00fc\u015fterilerin yat\u0131r\u0131m hedeflerini, risk toleranslar\u0131n\u0131 ve mali durumlar\u0131n\u0131 dikkate alarak uygun yat\u0131r\u0131m stratejileri geli\u015ftirir. Yat\u0131r\u0131m dan\u0131\u015fmanlar\u0131, m\u00fc\u015fterilerine portf\u00f6y y\u00f6netimi, [&hellip;]<\/p>\n\r\n\t        <\/div><!-- .entry-content -->\r\n\t    <\/div>\r\n\t            <div class=\"entry-meta\">\r\n        \t<ul class='post-meta dflex'><li class=\"post-date\"><a href=\"https:\/\/asyadegerleme.com\/index.php\/2022\/08\/15\/fringilla-ligula-pharetra-amet-fusce\/\" rel=\"bookmark\"><i class=\"uil uil-calendar-alt\"><\/i><time class=\"entry-date published\" datetime=\"2022-08-15T07:07:12+03:00\">15 A\u011fustos 2022<\/time><\/a><\/li><li class=\"post-author\"><a class=\"url fn n\" href=\"https:\/\/asyadegerleme.com\/index.php\/author\/admin\/\"><i class=\"uil uil-user\"><\/i>admin<\/a><\/li><li class=\"post-comments\"><i class=\"uil uil-comment\"><\/i>0 Comments<\/a><\/li><\/a><\/ul>        <\/div><!-- .entry-meta -->\r\n            <\/div>\r\n<\/article><!-- #post-1515 -->\r\n\t\t    <\/div>\r\n\t\t    \t\t<\/div>\n\t\t\t\t<\/div>\n\t\t\t\t\t<\/div>\n\t\t<\/div>\n\t\t\t\t\t\t\t<\/div>\n\t\t<\/section>\n\t\t\t\t\t\t\t<\/div>\n\t\t","protected":false},"excerpt":{"rendered":"<p>SEKT\u00d6RDEN B\u0130LG\u0130LER Sekt\u00f6r ile ilgili bilgilendirme makalelerine buradan ula\u015fabilirsin. DE\u011eERLEME Gayrimenkul De\u011ferleme Gayrimenkul de\u011ferleme, bir m\u00fclk\u00fcn piyasa de\u011ferini belirlemek i\u00e7in kullan\u0131lan bir i\u015flemdir. Gayrimenkul de\u011ferlemesi, bir\u00e7ok nedenle gereklidir. Bunlar aras\u0131nda, sat\u0131n alma veya sat\u0131\u015f i\u015flemleri, ipotek veya rehin i\u015flemleri, m\u00fclk\u00fcn sigortalanmas\u0131 veya miras\u00e7\u0131l\u0131k i\u015flemleri gibi i\u015flemler yer al\u0131r. Gayrimenkul de\u011ferleme, m\u00fclk\u00fcn ger\u00e7ek piyasa de\u011ferini belirleyerek, [&hellip;]<\/p>\n","protected":false},"author":1,"featured_media":0,"parent":0,"menu_order":0,"comment_status":"closed","ping_status":"closed","template":"","meta":{"footnotes":""},"_links":{"self":[{"href":"https:\/\/asyadegerleme.com\/index.php\/wp-json\/wp\/v2\/pages\/14325"}],"collection":[{"href":"https:\/\/asyadegerleme.com\/index.php\/wp-json\/wp\/v2\/pages"}],"about":[{"href":"https:\/\/asyadegerleme.com\/index.php\/wp-json\/wp\/v2\/types\/page"}],"author":[{"embeddable":true,"href":"https:\/\/asyadegerleme.com\/index.php\/wp-json\/wp\/v2\/users\/1"}],"replies":[{"embeddable":true,"href":"https:\/\/asyadegerleme.com\/index.php\/wp-json\/wp\/v2\/comments?post=14325"}],"version-history":[{"count":11,"href":"https:\/\/asyadegerleme.com\/index.php\/wp-json\/wp\/v2\/pages\/14325\/revisions"}],"predecessor-version":[{"id":14901,"href":"https:\/\/asyadegerleme.com\/index.php\/wp-json\/wp\/v2\/pages\/14325\/revisions\/14901"}],"wp:attachment":[{"href":"https:\/\/asyadegerleme.com\/index.php\/wp-json\/wp\/v2\/media?parent=14325"}],"curies":[{"name":"wp","href":"https:\/\/api.w.org\/{rel}","templated":true}]}}